{"id":142,"date":"2011-10-25T22:08:54","date_gmt":"2011-10-25T22:08:54","guid":{"rendered":"https:\/\/sinfoniamediacion.es\/?page_id=142"},"modified":"2015-11-05T17:22:41","modified_gmt":"2015-11-05T17:22:41","slug":"maria-jose-munoz-estepa","status":"publish","type":"page","link":"https:\/\/sinfoniamediacion.es\/?page_id=142","title":{"rendered":"Mar\u00eda Jos\u00e9 Mu\u00f1oz Estepa"},"content":{"rendered":"<p><span style=\"color: #ff6600;\"><strong><em><a href=\"https:\/\/sinfoniamediacion.es\/wp-content\/uploads\/2011\/10\/mamaperfil.jpg\"><img loading=\"lazy\" decoding=\"async\" class=\"alignright size-medium wp-image-576\" title=\"mamaperfil\" src=\"https:\/\/sinfoniamediacion.es\/wp-content\/uploads\/2011\/10\/mamaperfil-251x300.jpg\" alt=\"\" width=\"251\" height=\"300\" srcset=\"https:\/\/sinfoniamediacion.es\/wp-content\/uploads\/2011\/10\/mamaperfil-251x300.jpg 251w, https:\/\/sinfoniamediacion.es\/wp-content\/uploads\/2011\/10\/mamaperfil-858x1024.jpg 858w\" sizes=\"auto, (max-width: 251px) 100vw, 251px\" \/><\/a><span style=\"color: #ff9900;\">Le encanta innovar, aprender, promover iniciativas y aplicar las nuevas tecnolog\u00edas y la did\u00e1ctica a todo. Enamorada de las personas y la comunicaci\u00f3n. Es la creativa de la asociaci\u00f3n.<\/span><\/em><\/strong><\/span><\/p>\n<p><strong>Licenciada en Pedagog\u00eda.<\/strong> Universidad de Granada.<br \/>\n<strong>Experta Universitaria en Mediaci\u00f3n Familiar.<\/strong> Univ. Camilo Jos\u00e9 Cela. Madrid.<\/p>\n<ul>\n<li>Profesora T\u00e9cnica de Formaci\u00f3n Profesional. Servicios a la Comunidad.<\/li>\n<li>Experta profesional en Empleo 2.0., Orientaci\u00f3n Laboral, Gesti\u00f3n de Proyectos y Recursos Humanos.<\/li>\n<li>Experta Universitaria en Exclusi\u00f3n e Inclusi\u00f3n Social. UNED.<\/li>\n<li>Experta Universitaria en Teleformaci\u00f3n. Universidad de Sevilla.<\/li>\n<li>Agente por la Igualdad de Oportunidades. Ministerio de Igualdad.<\/li>\n<li>Suficiencia Docente e Investigadora- Estudios de Doctorado UNED.<\/li>\n<li>Socia de Amefa (Asociaci\u00f3n de Mediaci\u00f3n Familiar de Andaluc\u00eda)<\/li>\n<li>Socia fundadora y miembro del equipo de \u00abSinfon\u00eda Mediaci\u00f3n\u00bb<\/li>\n<li>CEO de <a href=\"http:\/\/www.europassmaker.com\">Europassmaker.com<\/a>, una webapp para la creaci\u00f3n del CV 2.0. y herramienta de selecci\u00f3n y reclutamiento para empresas. Desde el 2010 mantiene un Blog de recursos para la Orientaci\u00f3n Laboral <a href=\"http:\/\/www.orientare.es\">\u00abOrientare\u00bb<\/a> y escribe para la revista digital <a href=\"http:\/\/www.lanuevarutadelempleo.com\">\u00abLa Nueva Ruta del Empleo\u00bb<\/a>, donde tiene publicados m\u00e1s de 40 art\u00edculos sobre gesti\u00f3n de las emociones, autoconocimiento, orientaci\u00f3n, selecci\u00f3n y reclutamiento, motivaci\u00f3n, emprendimiento y personas.<\/li>\n<li>Coautora del Cuento \u00abLa Mediaci\u00f3n con ojos de ni\u00f1o\u00bb, 2015.<\/li>\n<\/ul>\n","protected":false},"excerpt":{"rendered":"<p>Le encanta innovar, aprender, promover iniciativas y aplicar las nuevas tecnolog\u00edas y la did\u00e1ctica a todo. Enamorada de las personas y la comunicaci\u00f3n. Es la creativa de la asociaci\u00f3n. Licenciada en Pedagog\u00eda. Universidad de Granada. Experta Universitaria en Mediaci\u00f3n Familiar. Univ. Camilo Jos\u00e9 Cela. Madrid. Profesora T\u00e9cnica de Formaci\u00f3n Profesional. Servicios a la Comunidad. Experta &hellip; <a class=\"read-excerpt\" href=\"https:\/\/sinfoniamediacion.es\/?page_id=142\">Continue reading <span class=\"meta-nav\">&raquo;<\/span><\/a><\/p>\n","protected":false},"author":1,"featured_media":0,"parent":0,"menu_order":0,"comment_status":"open","ping_status":"open","template":"","meta":{"footnotes":""},"class_list":["post-142","page","type-page","status-publish","hentry"],"_links":{"self":[{"href":"https:\/\/sinfoniamediacion.es\/index.php?rest_route=\/wp\/v2\/pages\/142","targetHints":{"allow":["GET"]}}],"collection":[{"href":"https:\/\/sinfoniamediacion.es\/index.php?rest_route=\/wp\/v2\/pages"}],"about":[{"href":"https:\/\/sinfoniamediacion.es\/index.php?rest_route=\/wp\/v2\/types\/page"}],"author":[{"embeddable":true,"href":"https:\/\/sinfoniamediacion.es\/index.php?rest_route=\/wp\/v2\/users\/1"}],"replies":[{"embeddable":true,"href":"https:\/\/sinfoniamediacion.es\/index.php?rest_route=%2Fwp%2Fv2%2Fcomments&post=142"}],"version-history":[{"count":25,"href":"https:\/\/sinfoniamediacion.es\/index.php?rest_route=\/wp\/v2\/pages\/142\/revisions"}],"predecessor-version":[{"id":306,"href":"https:\/\/sinfoniamediacion.es\/index.php?rest_route=\/wp\/v2\/pages\/142\/revisions\/306"}],"wp:attachment":[{"href":"https:\/\/sinfoniamediacion.es\/index.php?rest_route=%2Fwp%2Fv2%2Fmedia&parent=142"}],"curies":[{"name":"wp","href":"https:\/\/api.w.org\/{rel}","templated":true}]}}

María José Muñoz Estepa

<p><span style="color: #ff6600;"><strong><em><a href="https://sinfoniamediacion.es/wp-content/uploads/2011/10/mamaperfil.jpg"><img loading="lazy" decoding="async" class="alignright size-medium wp-image-576" title="mamaperfil" src="https://sinfoniamediacion.es/wp-content/uploads/2011/10/mamaperfil-251x300.jpg" alt="" width="251" height="300" srcset="https://sinfoniamediacion.es/wp-content/uploads/2011/10/mamaperfil-251x300.jpg 251w, https://sinfoniamediacion.es/wp-content/uploads/2011/10/mamaperfil-858x1024.jpg 858w" sizes="auto, (max-width: 251px) 100vw, 251px" /></a><span style="color: #ff9900;">Le encanta innovar, aprender, promover iniciativas y aplicar las nuevas tecnologías y la didáctica a todo. Enamorada de las personas y la comunicación. Es la creativa de la asociación.</span></em></strong></span></p>
<p><strong>Licenciada en Pedagogía.</strong> Universidad de Granada.<br />
<strong>Experta Universitaria en Mediación Familiar.</strong> Univ. Camilo José Cela. Madrid.</p>
<ul>
<li>Profesora Técnica de Formación Profesional. Servicios a la Comunidad.</li>
<li>Experta profesional en Empleo 2.0., Orientación Laboral, Gestión de Proyectos y Recursos Humanos.</li>
<li>Experta Universitaria en Exclusión e Inclusión Social. UNED.</li>
<li>Experta Universitaria en Teleformación. Universidad de Sevilla.</li>
<li>Agente por la Igualdad de Oportunidades. Ministerio de Igualdad.</li>
<li>Suficiencia Docente e Investigadora- Estudios de Doctorado UNED.</li>
<li>Socia de Amefa (Asociación de Mediación Familiar de Andalucía)</li>
<li>Socia fundadora y miembro del equipo de «Sinfonía Mediación»</li>
<li>CEO de <a href="http://www.europassmaker.com">Europassmaker.com</a>, una webapp para la creación del CV 2.0. y herramienta de selección y reclutamiento para empresas. Desde el 2010 mantiene un Blog de recursos para la Orientación Laboral <a href="http://www.orientare.es">«Orientare»</a> y escribe para la revista digital <a href="http://www.lanuevarutadelempleo.com">«La Nueva Ruta del Empleo»</a>, donde tiene publicados más de 40 artículos sobre gestión de las emociones, autoconocimiento, orientación, selección y reclutamiento, motivación, emprendimiento y personas.</li>
<li>Coautora del Cuento «La Mediación con ojos de niño», 2015.</li>
</ul>

<p>Le encanta innovar, aprender, promover iniciativas y aplicar las nuevas tecnologías y la didáctica a todo. Enamorada de las personas y la comunicación. Es la creativa de la asociación. Licenciada en Pedagogía. Universidad de Granada. Experta Universitaria en Mediación Familiar. Univ. Camilo José Cela. Madrid. Profesora Técnica de Formación Profesional. Servicios a la Comunidad. Experta &hellip; <a class="read-excerpt" href="https://sinfoniamediacion.es/?page_id=142">Continue reading <span class="meta-nav">&raquo;</span></a></p>
