{"id":140,"date":"2011-10-25T22:05:06","date_gmt":"2011-10-25T22:05:06","guid":{"rendered":"https:\/\/sinfoniamediacion.es\/?page_id=140"},"modified":"2017-12-14T12:54:15","modified_gmt":"2017-12-14T12:54:15","slug":"fernando-camison-fernandez","status":"publish","type":"page","link":"https:\/\/sinfoniamediacion.es\/?page_id=140","title":{"rendered":"Fernando Camis\u00f3n Fern\u00e1ndez"},"content":{"rendered":"<p><span style=\"color: #ff6600;\"><em><strong><a href=\"https:\/\/sinfoniamediacion.es\/wp-content\/uploads\/2011\/10\/fernando1.jpg\"><img loading=\"lazy\" decoding=\"async\" class=\"alignright size-medium wp-image-740\" title=\"fernando\" src=\"https:\/\/sinfoniamediacion.es\/wp-content\/uploads\/2011\/10\/fernando1-230x300.jpg\" alt=\"\" width=\"230\" height=\"300\" srcset=\"https:\/\/sinfoniamediacion.es\/wp-content\/uploads\/2011\/10\/fernando1-230x300.jpg 230w, https:\/\/sinfoniamediacion.es\/wp-content\/uploads\/2011\/10\/fernando1.jpg 451w\" sizes=\"auto, (max-width: 230px) 100vw, 230px\" \/><\/a>Siempre hay algo que aprender y ense\u00f1ar. Docente vocacional y muy buen orador. Nos encanta su templanza.<\/strong><\/em><\/span><\/p>\n<p><strong>Licenciado en Derecho.\u00a0<\/strong><br \/>\n<strong>Experto en Mediaci\u00f3n Familiar.\u00a0<\/strong><strong>M\u00e1ster en Mediaci\u00f3n Familiar, Educativa y Comunitaria. Universidad Pablo de Olavide.\u00a0<\/strong><\/p>\n<ul>\n<li>Letrado ejerciente en Ilmo. Colegio de Abogados de C\u00e1diz.<\/li>\n<li>Amplia experiencia laboral en procedimientos en materia civil y mercantil, menores y Derecho de Familia, con despacho profesional propio.<\/li>\n<li>Profesor colaborador del Curso de Experto en Mediaci\u00f3n Familiar. Universidad Pablo de Olavide.<\/li>\n<li>Ponente en las Jornadas de Mediaci\u00f3n organizadas por la Universidad Pablo de Olavide. 2012<\/li>\n<li>Colaborador en la Revista Mediatio.<\/li>\n<li>Socio de Amefa (Asociaci\u00f3n de Mediaci\u00f3n Familiar de Andaluc\u00eda)<\/li>\n<li><em>Socio fundador y miembro del equipo de \u00abSinfon\u00eda Mediaci\u00f3n\u00bb<\/em><\/li>\n<\/ul>\n","protected":false},"excerpt":{"rendered":"<p>Siempre hay algo que aprender y ense\u00f1ar. Docente vocacional y muy buen orador. Nos encanta su templanza. Licenciado en Derecho.\u00a0 Experto en Mediaci\u00f3n Familiar.\u00a0M\u00e1ster en Mediaci\u00f3n Familiar, Educativa y Comunitaria. Universidad Pablo de Olavide.\u00a0 Letrado ejerciente en Ilmo. Colegio de Abogados de C\u00e1diz. Amplia experiencia laboral en procedimientos en materia civil y mercantil, menores y &hellip; <a class=\"read-excerpt\" href=\"https:\/\/sinfoniamediacion.es\/?page_id=140\">Continue reading <span class=\"meta-nav\">&raquo;<\/span><\/a><\/p>\n","protected":false},"author":1,"featured_media":0,"parent":0,"menu_order":0,"comment_status":"open","ping_status":"open","template":"","meta":{"footnotes":""},"class_list":["post-140","page","type-page","status-publish","hentry"],"_links":{"self":[{"href":"https:\/\/sinfoniamediacion.es\/index.php?rest_route=\/wp\/v2\/pages\/140","targetHints":{"allow":["GET"]}}],"collection":[{"href":"https:\/\/sinfoniamediacion.es\/index.php?rest_route=\/wp\/v2\/pages"}],"about":[{"href":"https:\/\/sinfoniamediacion.es\/index.php?rest_route=\/wp\/v2\/types\/page"}],"author":[{"embeddable":true,"href":"https:\/\/sinfoniamediacion.es\/index.php?rest_route=\/wp\/v2\/users\/1"}],"replies":[{"embeddable":true,"href":"https:\/\/sinfoniamediacion.es\/index.php?rest_route=%2Fwp%2Fv2%2Fcomments&post=140"}],"version-history":[{"count":14,"href":"https:\/\/sinfoniamediacion.es\/index.php?rest_route=\/wp\/v2\/pages\/140\/revisions"}],"predecessor-version":[{"id":149,"href":"https:\/\/sinfoniamediacion.es\/index.php?rest_route=\/wp\/v2\/pages\/140\/revisions\/149"}],"wp:attachment":[{"href":"https:\/\/sinfoniamediacion.es\/index.php?rest_route=%2Fwp%2Fv2%2Fmedia&parent=140"}],"curies":[{"name":"wp","href":"https:\/\/api.w.org\/{rel}","templated":true}]}}

Fernando Camisón Fernández

<p><span style="color: #ff6600;"><em><strong><a href="https://sinfoniamediacion.es/wp-content/uploads/2011/10/fernando1.jpg"><img loading="lazy" decoding="async" class="alignright size-medium wp-image-740" title="fernando" src="https://sinfoniamediacion.es/wp-content/uploads/2011/10/fernando1-230x300.jpg" alt="" width="230" height="300" srcset="https://sinfoniamediacion.es/wp-content/uploads/2011/10/fernando1-230x300.jpg 230w, https://sinfoniamediacion.es/wp-content/uploads/2011/10/fernando1.jpg 451w" sizes="auto, (max-width: 230px) 100vw, 230px" /></a>Siempre hay algo que aprender y enseñar. Docente vocacional y muy buen orador. Nos encanta su templanza.</strong></em></span></p>
<p><strong>Licenciado en Derecho. </strong><br />
<strong>Experto en Mediación Familiar. </strong><strong>Máster en Mediación Familiar, Educativa y Comunitaria. Universidad Pablo de Olavide. </strong></p>
<ul>
<li>Letrado ejerciente en Ilmo. Colegio de Abogados de Cádiz.</li>
<li>Amplia experiencia laboral en procedimientos en materia civil y mercantil, menores y Derecho de Familia, con despacho profesional propio.</li>
<li>Profesor colaborador del Curso de Experto en Mediación Familiar. Universidad Pablo de Olavide.</li>
<li>Ponente en las Jornadas de Mediación organizadas por la Universidad Pablo de Olavide. 2012</li>
<li>Colaborador en la Revista Mediatio.</li>
<li>Socio de Amefa (Asociación de Mediación Familiar de Andalucía)</li>
<li><em>Socio fundador y miembro del equipo de «Sinfonía Mediación»</em></li>
</ul>

<p>Siempre hay algo que aprender y enseñar. Docente vocacional y muy buen orador. Nos encanta su templanza. Licenciado en Derecho.  Experto en Mediación Familiar. Máster en Mediación Familiar, Educativa y Comunitaria. Universidad Pablo de Olavide.  Letrado ejerciente en Ilmo. Colegio de Abogados de Cádiz. Amplia experiencia laboral en procedimientos en materia civil y mercantil, menores y &hellip; <a class="read-excerpt" href="https://sinfoniamediacion.es/?page_id=140">Continue reading <span class="meta-nav">&raquo;</span></a></p>
